ors of n(k)?
3
Let a(u) = -3*u - 5. Let f be a(8). Let h(j) = -j**2 + 13*j + 8. Let t be h(10). Let n = t + f. List the prime factors of n.
3
What are the prime factors of ((-117)/(-5))/(36/1560)?
2, 3, 13
Let z be 0 + (-3)/(-9) - 28/3. Let w = 42 - z. List the prime factors of w.
3, 17
Suppose -3967 = -15*c + 8063. What are the prime factors of c?
2, 401
Let n = 2 - 2. Suppose 5*c - 11 = -31, -l - c + 24 = n. List the prime factors of l.
2, 7
Suppose -19*u + 14*u + 6587 = 2*z, -3*u - z + 3952 = 0. List the prime factors of u.
3, 439
List the prime factors of 2*158 + (-11 - -11) + 4.
2, 5
Suppose 4*g + 4*n = 88, 6*n - 2*n = 4*g - 104. Let o = 52 - g. List the prime factors of o.
2, 7
Let w(l) = -2*l + 2. Let c be w(-7). Let x be 6/(-30) + 24/20. What are the prime factors of 79/x - c/(-4)?
83
What are the prime factors of 1150 + -5 + (8 - 7)?
2, 3, 191
Suppose 6*x - 16*x = -11710. List the prime factors of x.
1171
Let r = -18 + 8. Let f(u) = -u**2 - u + 1. Let n be f(0). Let q = n - r. List the prime factors of q.
11
Let o(d) = 16*d + 2 - 2 - 1 - 5*d. Let z(l) = 5*l - 1. Let x(p) = 6*o(p) - 13*z(p). What are the prime factors of x(10)?
17
Suppose 8*h = 33 - 9. What are the prime factors of (17/4 + h)*8?
2, 29
Suppose 864 = 4*n - 352. Suppose -3*o - 4*v = o - n, -o = -v - 80. List the prime factors of o.
2, 3, 13
Suppose -6*c + 2*c = -72. Let z = 34 + c. Suppose 4 - 1 = t, z = 4*h - 4*t. What are the prime factors of h?
2
Suppose 3*g = g. Suppose g*s + 178 = 2*s. What are the prime factors of s?
89
Suppose 5*u - 24*o = -25*o + 2598, 3*u + o - 1558 = 0. What are the prime factors of u?
2, 5, 13
Let y be ((-30)/(-25))/((-4)/(-10)). Let i = -44 - y. Let t = i - -92. What are the prime factors of t?
3, 5
Let u be (-48)/9*15/5. Let p be ((-60)/(-40))/(6/u). What are the prime factors of (2 - -12) + p/1?
2, 5
Let x = 6 + -53. Let m = x + 83. What are the prime factors of m?
2, 3
Suppose 2*g - 1300 = -2*l, -2*l + 3247 = 7*g - 2*g. List the prime factors of g.
11, 59
Let j = 55 - -545. Suppose 0 = -14*q + 4*q + j. What are the prime factors of q?
2, 3, 5
Let b(d) be the first derivative of d**5/60 - d**4/6 - d**3/6 + 2*d**2 + 7. Let c(q) be the second derivative of b(q). List the prime factors of c(8).
31
Suppose 8 = 2*j - 0*j. List the prime factors of 11/((-22)/(-100)) - j.
2, 23
Suppose j - 1 = 0, -2*l - 5*j + 22 = -3*j. Let r be (2/(-6))/(l/(-390)). Let n = r - -18. What are the prime factors of n?
31
Suppose -203*b - k = -202*b - 2525, -2*k = -3*b + 7560. List the prime factors of b.
2, 13, 97
Suppose -5*q + 1770 = q. Suppose -241 = -5*f + l, 38 = -5*f - 3*l + q. List the prime factors of f.
7
Suppose -12*g = -16683 - 14625. What are the prime factors of g?
2609
Let w(k) = 3 - 1 - 5 + 2. Let r(p) = 4*p - 4. Let m(j) = -4*r(j) + 20*w(j). What are the prime factors of m(-2)?
2, 7
Let h(i) = i**2 - 7*i. Let y be h(-5). Let m = 67 - y. List the prime factors of m.
7
Suppose 0 = -25*q + 15725 + 57000. List the prime factors of q.
2909
Let b be -3*3/((-18)/40). List the prime factors of 16 - (-1)/((-5)/b).
2, 3
Let h(o) = 33*o**3 - 10*o**2 + 3*o + 7. What are the prime factors of h(4)?
3, 73
Let q(h) = 2*h**3 + 44*h**2 + 9*h - 33. What are the prime factors of q(-21)?
2, 3, 5, 11
Suppose 0 = -b - 4*b + 4910. Let f be (-1)/5 - b/(-10). What are the prime factors of (f/(-4))/((-17)/34)?
7
Suppose -5*t - 65 = 5*q, 4*q + 2*t + 3*t + 51 = 0. Let b(v) = -v**2 - 12*v + 16. Let n be b(q). What are the prime factors of (n/(-3) + -2)*4?
2
Let k = 55 - 62. Let f(v) = -4*v - 18. List the prime factors of f(k).
2, 5
Let w(t) = -t**2 - 13*t - 7. Let p = -29 - -23. What are the prime factors of w(p)?
5, 7
Suppose -d + 3*d = 2*q + 38, d = -3*q - 65. Suppose -7*s = -6*s + 12. Let b = s - q. List the prime factors of b.
3
Suppose -5*s + 107 - 42 = 0. Let h(d) = 3*d - 5. Let y be h(s). Suppose -j = 3*b - 120, b - j - 2 = y. What are the prime factors of b?
3, 13
Let s be 8/12*15/2. Suppose s*l = -2*r + 174, -l - 64 = -3*l + 2*r. List the prime factors of l.
2, 17
Suppose 5*i - 158 = -3*g, 4*i + 0*g = -g + 125. List the prime factors of i.
31
Suppose -10*f + 14*f + 228 = 0. Let a = -3 - 23. Let i = a - f. What are the prime factors of i?
31
Suppose -2*a - 6 = 0, 0 = -c + 3*a + 46 + 108. List the prime factors of c.
5, 29
Let g(v) = v**2 - 13*v - 8. Suppose 23 = 4*c + 4*t - 41, 4*c - 66 = -5*t. Let j be g(c). List the prime factors of (-2)/j + 546/18.
2, 3, 5
Let v = -86 - -127. Suppose -v*d - 197 = -42*d. What are the prime factors of d?
197
Let f(o) = o - 1. Let v(x) = 7*x + 3. Let l(j) = -6*f(j) + v(j). Let m be l(-6). Suppose 5*n - 70 = -m*z, z - 40 = -0*z - 5*n. List the prime factors of z.
3, 5
Suppose 421*h - 2*i + 12865 = 426*h, -2*i = 4*h - 10290. List the prime factors of h.
5, 103
Suppose -4*m = -16, -g + 4*m + 764 = 5*m. Suppose -g = -5*h + 4*l, 9 + 11 = 4*l. List the prime factors of ((-1)/(-2))/(2/h).
3, 13
Let u = -150 + 758. List the prime factors of u.
2, 19
Let l(s) = s**3 + 7*s**2 - 2*s - 1. Let r be ((-55)/15 - -3)*42/4. List the prime factors of l(r).
13
Let i = -489 - -267. Let z = -153 - i. What are the prime factors of z?
3, 23
Let i = 21 - 2. Let v = -256 + 277. Suppose -92 = -v*l + i*l. List the prime factors of l.
2, 23
Let l be ((-24)/15)/(1 - 14/10). Let g = 6 - 4. Suppose 4*v + 11 - 86 = 5*n, -l*v - g*n + 54 = 0. List the prime factors of v.
3, 5
Suppose -3*u = 3*o - 16635, 2*o + 4396 + 1146 = u. What are the prime factors of u?
2, 3, 7, 11
Suppose -3*g - 2*a = -2536, 4*a + 2128 + 1260 = 4*g. What are the prime factors of g?
2, 3, 47
Let w(u) = -19*u + 190. What are the prime factors of w(-40)?
2, 5, 19
Suppose -8*l + 7*l - 257 = -5*i, -i + 55 = l. What are the prime factors of i?
2, 13
Let y(i) = 73*i**2 - 4*i + 2. Let x be y(2). Suppose 0 = 3*u - x + 61. What are the prime factors of u?
3, 5
Suppose -6*w + 15 = -27. List the prime factors of (3 - w) + -5 + 77.
2, 17
Let o(i) = -i + 567. List the prime factors of o(0).
3, 7
Let w be (-410)/(-17) + 12/(-102). What are the prime factors of ((-60)/(-9))/(2/w)?
2, 5
List the prime factors of (17 + -12)*(-2216)/(-5).
2, 277
Let h(t) = 5 - 17 - 5*t**2 - t**3 + 11*t - 2*t**2 - 7*t**2. Let s be h(-15). List the prime factors of 1228/22 - s/(-264).
2, 7
Let i be (-4)/8*-18 + -4. Suppose -4*z + i*c = -292, -4*z - 3*c = -z - 246. List the prime factors of z.
2, 3, 13
Let t be ((-12)/16)/(3/36). Let z(a) = a**3 - 6*a**2 + 2*a + 4. Let p be z(4). What are the prime factors of 2*1 - (p + t)?
31
What are the prime factors of (2 - -11) + -1 - (1 - -2)?
3
Suppose -10*l + 3*l = -1883. Suppose -53 = 2*r - l. What are the prime factors of r?
2, 3
Suppose 3*w - 36 = 7*w. Let k = w - -13. Suppose -12 = -3*c, -c - k*c - 105 = -5*a. List the prime factors of a.
5
Let l(o) = 33*o + 43. List the prime factors of l(23).
2, 401
Let j be 2/(-2 - 36/(-15)). Suppose 0*r = -j*r + 20. List the prime factors of r/((-4)/(-59)) + -3.
2, 7
Suppose 0 = -5*m + 190 + 110. Suppose -29*z + 31*z = m. List the prime factors of z.
2, 3, 5
Let b(h) be the second derivative of -h**3/3 - h**2 + 2*h. Suppose -40 = -j + 9*j. What are the prime factors of b(j)?
2
Let f = -47 + 264. What are the prime factors of f?
7, 31
Let o = -10 + 10. Let h(t) = t + o + 2 + 8. What are the prime factors of h(-6)?
2
Suppose 3*a + 12 = 6*a. Suppose 29 = 5*s + a*w, s + 0*w = -w + 6. Suppose -246 = -s*n - 3*y, -3*n = -2*y - y - 162. What are the prime factors of n?
3, 17
Let k = -27 + 63. Let z = k - 11. List the prime factors of z.
5
Suppose t = -4*q + q + 10, 5*q = 2*t + 13. Suppose 0 = p + 3*j + j - 4, -3 = -q*j. Suppose 2*z - 50 = -p*z. List the prime factors of z.
5
Let c(a) = 30*a + 825. What are the prime factors of c(44)?
3, 5, 11, 13
Let r be 11 - 11/(33/6). List the prime factors of (r - 10)/(1/(-227)).
227
Let b(u) = -3*u**3 + 10*u**2 - 6*u - 12. Let l be b(6). List the prime factors of (-70)/(-21)*(l/(-10) - 0).
2, 7
List the prime factors of 11643/24 + 1 + 1/(-8).
2, 3
Suppose 2*y = 4*y - 8. Suppose -y*b - 3*q - 110 = 0, b - q + 20 = 2*q. Let i = b + 30. What are the prime factors of i?
2
Let x be ((-24)/(-10))/((-8)/(-20)). Suppose -3*n - 4*k = -54, 59 = 2*n + k - x*k. Suppose -2*t - n = -j, 2*j - 54 - 2 = -2*t. What are the prime factors of 